{"id":8,"date":"2025-12-05T09:39:04","date_gmt":"2025-12-05T09:39:04","guid":{"rendered":"https:\/\/studio141pilates.it\/?page_id=8"},"modified":"2025-12-23T09:49:43","modified_gmt":"2025-12-23T09:49:43","slug":"homepage","status":"publish","type":"page","link":"https:\/\/studio141pilates.it\/","title":{"rendered":"Homepage"},"content":{"rendered":"<div class=\"wpb-content-wrapper\"><p>[vc_row][vc_column]\n\t\t\t\t<p class=\"rs-p-wp-fix\"><\/p>\n\t\t\t\t<sr7-module data-alias=\"slider-1\" data-id=\"1\" id=\"SR7_1_1\" class=\"rs-ov-hidden\" data-version=\"6.7.38\">\n\t\t\t\t\t<sr7-adjuster><\/sr7-adjuster>\n\t\t\t\t\t<sr7-content>\n\t\t\t\t\t\t<sr7-slide id=\"SR7_1_1-1\" data-key=\"1\">\n\t\t\t\t\t\t\t<sr7-bg id=\"SR7_1_1-1-5\" class=\"sr7-layer\"><noscript><img decoding=\"async\" src=\"https:\/\/studio141pilates.it\/wp-content\/uploads\/2025\/12\/94affdda-56bf-45e2-b4dc-f7a0036e731e.jpg\" alt=\"\" title=\"94affdda-56bf-45e2-b4dc-f7a0036e731e\"><\/noscript><\/sr7-bg>\n\t\t\t\t\t\t\t<sr7-txt id=\"SR7_1_1-1-0\" class=\"sr7-layer\">Apri il tuo studio di pilates reformer<\/sr7-txt>\n\t\t\t\t\t\t\t<sr7-txt id=\"SR7_1_1-1-1\" class=\"sr7-layer\">Unisciti a noi con una formula Franchising vantaggiosa,<br \/>\nsicura e che ti permette di investire in una realt\u00e0 gi\u00e0 solida.<\/sr7-txt>\n\t\t\t\t\t\t\t<sr7-txt id=\"SR7_1_1-1-2\" class=\"sr7-layer\">Studio 141 Pilates<\/sr7-txt>\n\t\t\t\t\t\t\t<a id=\"SR7_1_1-1-4\" class=\"sr7-layer\" href=\"http:\/\/www.studio141pilates.it\/index.php\/franchising\" target=\"_self\">Contattaci ora<\/a>\n\t\t\t\t\t\t<\/sr7-slide>\n\t\t\t\t\t\t<sr7-slide id=\"SR7_1_1-2\" data-key=\"2\">\n\t\t\t\t\t\t\t<sr7-bg id=\"SR7_1_1-2-8\" class=\"sr7-layer\"><noscript><img decoding=\"async\" src=\"https:\/\/studio141pilates.it\/wp-content\/uploads\/2025\/12\/f4431231-e1a2-4c38-a5aa-905b72ec1326.jpg\" alt=\"\" title=\"f4431231-e1a2-4c38-a5aa-905b72ec1326\"><\/noscript><\/sr7-bg>\n\t\t\t\t\t\t\t<sr7-txt id=\"SR7_1_1-2-0\" class=\"sr7-layer\"><br \/>\n<\/sr7-txt>\n\t\t\t\t\t\t\t<sr7-txt id=\"SR7_1_1-2-1\" class=\"sr7-layer\">Completo, sostenibile, adatto a tutti:<br \/>\nprovalo e non potrai pi\u00f9 farne a meno.<\/sr7-txt>\n\t\t\t\t\t\t\t<sr7-txt id=\"SR7_1_1-2-3\" class=\"sr7-layer\">Studio 141 Pilates<\/sr7-txt>\n\t\t\t\t\t\t\t<sr7-txt id=\"SR7_1_1-2-5\" class=\"sr7-layer\">Prenota la tua lezione di prova<\/sr7-txt>\n\t\t\t\t\t\t\t<sr7-txt id=\"SR7_1_1-2-7\" class=\"sr7-layer\">un aLLENAMENTO SENZA PARAGONI<\/sr7-txt>\n\t\t\t\t\t\t<\/sr7-slide>\n\t\t\t\t\t\t<sr7-slide id=\"SR7_1_1-3\" data-key=\"3\">\n\t\t\t\t\t\t\t<sr7-bg id=\"SR7_1_1-3-11\" class=\"sr7-layer\"><noscript><img decoding=\"async\" src=\"https:\/\/studio141pilates.it\/wp-content\/uploads\/2025\/12\/d41a173b-6128-4da9-a645-e7504d95c6bb.jpg\" alt=\"\" title=\"d41a173b-6128-4da9-a645-e7504d95c6bb\"><\/noscript><\/sr7-bg>\n\t\t\t\t\t\t\t<a id=\"SR7_1_1-3-6\" class=\"sr7-layer\" href=\"https:\/\/studio141pilates.it\/index.php\/contatti\" target=\"_self\">Richiedi un preventivo<\/a>\n\t\t\t\t\t\t\t<sr7-txt id=\"SR7_1_1-3-8\" class=\"sr7-layer\">Studio 141 Pilates<\/sr7-txt>\n\t\t\t\t\t\t\t<sr7-txt id=\"SR7_1_1-3-9\" class=\"sr7-layer\">acquista attrezzatura da pilates professionale<\/sr7-txt>\n\t\t\t\t\t\t\t<sr7-txt id=\"SR7_1_1-3-10\" class=\"sr7-layer\">Siamo anche rivenditori di attrezzatura di prima scelta, che utilizziamo in prima persona.<\/sr7-txt>\n\t\t\t\t\t\t<\/sr7-slide>\n\t\t\t\t\t\t<sr7-slide id=\"SR7_1_1-4\" data-key=\"4\">\n\t\t\t\t\t\t<\/sr7-slide>\n\t\t\t\t\t<\/sr7-content>\n\t\t\t\t\t<image_lists style=\"display:none\">\n\t\t\t\t\t\t<img data-src=\"\/\/studio141pilates.it\/wp-content\/uploads\/2025\/12\/94affdda-56bf-45e2-b4dc-f7a0036e731e.jpg\" data-libid=\"25\" data-lib=\"medialibrary\" title=\"94affdda-56bf-45e2-b4dc-f7a0036e731e\" width=\"0\" height=\"0\" data-dbsrc=\"Ly9zdHVkaW8xNDFwaWxhdGVzLml0L3dwLWNvbnRlbnQvdXBsb2Fkcy8yMDI1LzEyLzk0YWZmZGRhLTU2YmYtNDVlMi1iNGRjLWY3YTAwMzZlNzMxZS5qcGc=\"\/>\n\t\t\t\t\t\t<img data-src=\"\/\/studio141pilates.it\/wp-content\/uploads\/2025\/12\/f4431231-e1a2-4c38-a5aa-905b72ec1326.jpg\" data-libid=\"27\" data-lib=\"medialibrary\" title=\"f4431231-e1a2-4c38-a5aa-905b72ec1326\" width=\"0\" height=\"0\" data-dbsrc=\"Ly9zdHVkaW8xNDFwaWxhdGVzLml0L3dwLWNvbnRlbnQvdXBsb2Fkcy8yMDI1LzEyL2Y0NDMxMjMxLWUxYTItNGMzOC1hNWFhLTkwNWI3MmVjMTMyNi5qcGc=\"\/>\n\t\t\t\t\t\t<img data-src=\"\/\/studio141pilates.it\/wp-content\/uploads\/2025\/12\/d41a173b-6128-4da9-a645-e7504d95c6bb.jpg\" data-libid=\"28\" data-lib=\"medialibrary\" title=\"d41a173b-6128-4da9-a645-e7504d95c6bb\" width=\"0\" height=\"0\" data-dbsrc=\"Ly9zdHVkaW8xNDFwaWxhdGVzLml0L3dwLWNvbnRlbnQvdXBsb2Fkcy8yMDI1LzEyL2Q0MWExNzNiLTYxMjgtNGRhOS1hNjQ1LWU3NTA0ZDk1YzZiYi5qcGc=\"\/>\n\t\t\t\t\t<\/image_lists>\n\t\t\t\t<\/sr7-module>\n\t\t\t\t<script>\n\t\t\t\t\tSR7.PMH ??={}; SR7.PMH[\"SR7_1_1\"] = {cn:100,state:false,fn: function() { if (_tpt!==undefined && _tpt.prepareModuleHeight !== undefined) {  _tpt.prepareModuleHeight({id:\"SR7_1_1\",el:[700,700,700,700,720],type:'standard',shdw:'0',gh:[700,700,700,700,720],gw:[1350,1350,1350,1350,480],vpt:['-100px&#039;,&#039;-100px&#039;,&#039;-100px&#039;,&#039;-100px&#039;,&#039;-100px'],size:{fullWidth:true, fullHeight:false},mh:'0',onh:0,onw:0,bg:{color:'{\"orig\":\"transparent\",\"type\":\"solid\",\"string\":\"transparent\"}'}});   SR7.PMH[\"SR7_1_1\"].state=true;} else if(SR7.PMH[\"SR7_1_1\"].cn-->0)\tsetTimeout( SR7.PMH[\"SR7_1_1\"].fn,19);}};SR7.PMH[\"SR7_1_1\" ].fn();\n\t\t\t\t<\/script>\n[vc_custom_heading text=&#8221;Una nuova idea di fitness&#8221; use_theme_fonts=&#8221;yes&#8221; css_animation=&#8221;fadeIn&#8221; css=&#8221;&#8221;][\/vc_column][\/vc_row][vc_row full_width=&#8221;stretch_row&#8221; css=&#8221;.vc_custom_1764948197206{margin-top: 20px !important;border-top-width: 25px !important;background-color: #FFDFFC !important;}&#8221;][vc_column width=&#8221;1\/2&#8243;][vc_single_image image=&#8221;30&#8243; img_size=&#8221;large&#8221; alignment=&#8221;center&#8221; css_animation=&#8221;fadeInLeft&#8221; css=&#8221;&#8221;][\/vc_column][vc_column width=&#8221;1\/2&#8243;][vc_column_text css_animation=&#8221;fadeInRight&#8221; css=&#8221;&#8221;]<\/p>\n<h3 style=\"text-align: right;\"><strong>Chi siamo<\/strong><\/h3>\n<p style=\"text-align: right;\" data-start=\"667\" data-end=\"965\">Abbiamo costruito un\u2019idea nuova di fitness:<br data-start=\"710\" data-end=\"713\"><strong data-start=\"713\" data-end=\"781\">strutturata come un network moderno, vissuta come una community.<\/strong><br data-start=\"781\" data-end=\"784\">Ogni Studio 141 \u00e8 uno spazio in cui allenarsi diventa un momento dedicato a s\u00e9 stessi, guidato da istruttrici preparate, attente e profondamente connesse alla qualit\u00e0 del movimento.<\/p>\n<p style=\"text-align: right;\" data-start=\"967\" data-end=\"1180\">Il nostro obiettivo non \u00e8 semplicemente far muovere il corpo.<br data-start=\"1028\" data-end=\"1031\">\u00c8 creare <strong data-start=\"1040\" data-end=\"1075\">consapevolezza, forza e armonia<\/strong>, un allenamento che migliori il fisico ma anche il modo di abitare il proprio corpo, giorno dopo giorno.<\/p>\n<p>[\/vc_column_text][\/vc_column][\/vc_row][vc_row][vc_column width=&#8221;2\/4&#8243;][vc_column_text css_animation=&#8221;fadeInRight&#8221; css=&#8221;&#8221;]<\/p>\n<h3 style=\"text-align: left;\"><strong>Dove siamo<\/strong><\/h3>\n<p style=\"text-align: left;\" data-start=\"667\" data-end=\"965\">La nostra rete di studi \u00e8 in costante espansione, e tu potresti aiutarci a espanderci ancora di pi\u00f9.<br \/>\nAttualmente, le nostre sedi si trovano a:<br \/>\n<strong>Roma &#8211; <a href=\"https:\/\/maps.google.com\/maps?hl=it&amp;gl=it&amp;um=1&amp;ie=UTF-8&amp;fb=1&amp;sa=X&amp;ftid=0x132f67d984d30611:0x69e08f73fff17322\">Via Flaminia Nuova, 248<\/a><\/strong><br \/>\n<strong>Cesano &#8211; <a tabindex=\"0\" href=\"https:\/\/www.google.com\/maps\/place\/\/data=!4m2!3m1!1s0x132f45af7aa75863:0xf88a0c54753aa77e?sa=X&amp;ved=1t:8290&amp;ictx=111\" data-url=\"\/maps\/place\/\/data=!4m2!3m1!1s0x132f45af7aa75863:0xf88a0c54753aa77e?sa=X&amp;ved=2ahUKEwiShML336aRAxU00wIHHXgXMr8Q4kB6BAgJEAA\">Via Marino Dalmonte, 141<\/a><\/strong><br \/>\n<strong>Trevignano &#8211; <span class=\"w8qArf FoJoyf\">&nbsp;<\/span><\/strong><strong><a tabindex=\"0\" href=\"https:\/\/www.google.com\/maps\/place\/\/data=!4m2!3m1!1s0x132f49f2f74f730b:0x1d1b2ad090a773a8?sa=X&amp;ved=1t:8290&amp;ictx=111\" data-url=\"\/maps\/place\/\/data=!4m2!3m1!1s0x132f49f2f74f730b:0x1d1b2ad090a773a8?sa=X&amp;ved=2ahUKEwikoNa8ttORAxUhhP0HHSxOAFUQ4kB6BAgOEAA\">Via IV Novembre, 64<\/a><br \/>\nViterbo &#8211; <span class=\"w8qArf FoJoyf\">&nbsp;<\/span><\/strong><strong><a tabindex=\"0\" href=\"https:\/\/www.google.com\/maps\/place\/\/data=!4m2!3m1!1s0x132f2db5b3ed14f1:0xdc648a31c81b9a54?sa=X&amp;ved=1t:8290&amp;ictx=111\" data-url=\"\/maps\/place\/\/data=!4m2!3m1!1s0x132f2db5b3ed14f1:0xdc648a31c81b9a54?sa=X&amp;ved=2ahUKEwjho5TTttORAxWh_7sIHd9JHCkQ4kB6BAgTEAA\">Via Carlo Cattaneo, 46N<\/a><\/strong><\/p>\n<p>[\/vc_column_text][\/vc_column][vc_column width=&#8221;1\/4&#8243;][vc_column_text css=&#8221;&#8221;]<\/p>\n<p style=\"text-align: center;\">Roma<\/p>\n<p>[\/vc_column_text][vc_goo_maps location=&#8221;Via Flaminia Nuova, 248, Roma&#8221; css=&#8221;&#8221;][vc_column_text css=&#8221;&#8221;]<\/p>\n<p style=\"text-align: center;\">Trevignano<\/p>\n<p>[\/vc_column_text][vc_goo_maps location=&#8221;Via IV Novembre, 64, Trevignano&#8221; css=&#8221;&#8221;][\/vc_column][vc_column width=&#8221;1\/4&#8243;][vc_column_text css=&#8221;&#8221;]<\/p>\n<p style=\"text-align: center;\">Cesano<\/p>\n<p>[\/vc_column_text][vc_goo_maps location=&#8221;Via Marino Dalmonte, 141, Roma&#8221; css=&#8221;&#8221;][vc_column_text css=&#8221;&#8221;]<\/p>\n<p style=\"text-align: center;\">Viterbo<\/p>\n<p>[\/vc_column_text][vc_goo_maps location=&#8221;Via Carlo Cattaneo, 46N, Viterbo&#8221; css=&#8221;&#8221;][\/vc_column][\/vc_row][vc_row full_width=&#8221;stretch_row&#8221; css=&#8221;.vc_custom_1764948765345{margin-top: 20px !important;background-color: #FFDFFC !important;}&#8221;][vc_column width=&#8221;1\/2&#8243;]\n<div class=\"wpcf7 no-js\" id=\"wpcf7-f14-o1\" lang=\"it-IT\" dir=\"ltr\" data-wpcf7-id=\"14\">\n<div class=\"screen-reader-response\"><p role=\"status\" aria-live=\"polite\" aria-atomic=\"true\"><\/p> <ul><\/ul><\/div>\n<form action=\"\/index.php\/wp-json\/wp\/v2\/pages\/8#wpcf7-f14-o1\" method=\"post\" class=\"wpcf7-form init\" aria-label=\"Modulo di contatto\" novalidate=\"novalidate\" data-status=\"init\">\n<fieldset class=\"hidden-fields-container\"><input type=\"hidden\" name=\"_wpcf7\" value=\"14\" \/><input type=\"hidden\" name=\"_wpcf7_version\" value=\"6.1.4\" \/><input type=\"hidden\" name=\"_wpcf7_locale\" value=\"it_IT\" \/><input type=\"hidden\" name=\"_wpcf7_unit_tag\" value=\"wpcf7-f14-o1\" \/><input type=\"hidden\" name=\"_wpcf7_container_post\" value=\"0\" \/><input type=\"hidden\" name=\"_wpcf7_posted_data_hash\" value=\"\" \/>\n<\/fieldset>\n<p><label> Nome<br \/>\n<span class=\"wpcf7-form-control-wrap\" data-name=\"your-name\"><input size=\"40\" maxlength=\"400\" class=\"wpcf7-form-control wpcf7-text wpcf7-validates-as-required\" autocomplete=\"name\" aria-required=\"true\" aria-invalid=\"false\" value=\"\" type=\"text\" name=\"your-name\" \/><\/span> <\/label>\n<\/p>\n<p><label> Indirizzo Email<br \/>\n<span class=\"wpcf7-form-control-wrap\" data-name=\"your-email\"><input size=\"40\" maxlength=\"400\" class=\"wpcf7-form-control wpcf7-email wpcf7-validates-as-required wpcf7-text wpcf7-validates-as-email\" autocomplete=\"email\" aria-required=\"true\" aria-invalid=\"false\" value=\"\" type=\"email\" name=\"your-email\" \/><\/span> <\/label>\n<\/p>\n<p><label> Per cosa ci stai contattando<br \/>\n<span class=\"wpcf7-form-control-wrap\" data-name=\"select-75\"><select class=\"wpcf7-form-control wpcf7-select\" aria-invalid=\"false\" name=\"select-75\"><option value=\"Iscrizioni\">Iscrizioni<\/option><option value=\"Franchising\">Franchising<\/option><option value=\"Acquisto macchinari\">Acquisto macchinari<\/option><option value=\"Altro\">Altro<\/option><\/select><\/span> <\/label>\n<\/p>\n<p><label> Spiegaci come possiamo aiutarti<br \/>\n<span class=\"wpcf7-form-control-wrap\" data-name=\"your-subject\"><input size=\"40\" maxlength=\"400\" class=\"wpcf7-form-control wpcf7-text wpcf7-validates-as-required\" aria-required=\"true\" aria-invalid=\"false\" value=\"\" type=\"text\" name=\"your-subject\" \/><\/span> <\/label>\n<\/p>\n<p><input class=\"wpcf7-form-control wpcf7-submit has-spinner\" type=\"submit\" value=\"Invia\" \/>\n<\/p><div class=\"wpcf7-response-output\" aria-hidden=\"true\"><\/div>\n<\/form>\n<\/div>\n[\/vc_column][vc_column width=&#8221;1\/2&#8243;][vc_column_text css_animation=&#8221;fadeInRight&#8221; css=&#8221;&#8221;]<\/p>\n<h3 style=\"text-align: left;\"><strong>Contattaci ora<\/strong><\/h3>\n<p style=\"text-align: left;\" data-start=\"667\" data-end=\"965\">Compila il form per qualsiasi dubbio o richiesta di informazioni. Ti risponderemo nel pi\u00f9 breve tempo possibile.<\/p>\n<p style=\"text-align: left;\" data-start=\"667\" data-end=\"965\">Grazie!<\/p>\n<p>[\/vc_column_text][vc_single_image image=&#8221;12&#8243; alignment=&#8221;center&#8221; css_animation=&#8221;fadeIn&#8221; css=&#8221;&#8221;][\/vc_column][\/vc_row]<\/p>\n<\/div>","protected":false},"excerpt":{"rendered":"<p>[vc_row][vc_column][vc_custom_heading text=&#8221;Una nuova idea di fitness&#8221; use_theme_fonts=&#8221;yes&#8221; css_animation=&#8221;fadeIn&#8221; css=&#8221;&#8221;][\/vc_column][\/vc_row][vc_row full_width=&#8221;stretch_row&#8221; css=&#8221;.vc_custom_1764948197206{margin-top: 20px !important;border-top-width: 25px !important;background-color: #FFDFFC !important;}&#8221;][vc_column width=&#8221;1\/2&#8243;][vc_single_image image=&#8221;30&#8243; img_size=&#8221;large&#8221; alignment=&#8221;center&#8221; css_animation=&#8221;fadeInLeft&#8221; css=&#8221;&#8221;][\/vc_column][vc_column width=&#8221;1\/2&#8243;][vc_column_text css_animation=&#8221;fadeInRight&#8221; css=&#8221;&#8221;] Chi siamo Abbiamo costruito un\u2019idea nuova di fitness:strutturata come un network moderno, vissuta come una community.Ogni Studio 141 \u00e8 uno spazio in cui allenarsi [&hellip;]<\/p>\n","protected":false},"author":1,"featured_media":0,"parent":0,"menu_order":0,"comment_status":"closed","ping_status":"closed","template":"","meta":{"footnotes":""},"class_list":["post-8","page","type-page","status-publish","hentry"],"_links":{"self":[{"href":"https:\/\/studio141pilates.it\/index.php\/wp-json\/wp\/v2\/pages\/8","targetHints":{"allow":["GET"]}}],"collection":[{"href":"https:\/\/studio141pilates.it\/index.php\/wp-json\/wp\/v2\/pages"}],"about":[{"href":"https:\/\/studio141pilates.it\/index.php\/wp-json\/wp\/v2\/types\/page"}],"author":[{"embeddable":true,"href":"https:\/\/studio141pilates.it\/index.php\/wp-json\/wp\/v2\/users\/1"}],"replies":[{"embeddable":true,"href":"https:\/\/studio141pilates.it\/index.php\/wp-json\/wp\/v2\/comments?post=8"}],"version-history":[{"count":11,"href":"https:\/\/studio141pilates.it\/index.php\/wp-json\/wp\/v2\/pages\/8\/revisions"}],"predecessor-version":[{"id":71,"href":"https:\/\/studio141pilates.it\/index.php\/wp-json\/wp\/v2\/pages\/8\/revisions\/71"}],"wp:attachment":[{"href":"https:\/\/studio141pilates.it\/index.php\/wp-json\/wp\/v2\/media?parent=8"}],"curies":[{"name":"wp","href":"https:\/\/api.w.org\/{rel}","templated":true}]}}